{"id":1803,"date":"2024-07-18T06:30:01","date_gmt":"2024-07-18T06:30:01","guid":{"rendered":"https:\/\/prostatecancer.tempocare.ca\/about-us\/"},"modified":"2025-04-29T09:36:54","modified_gmt":"2025-04-29T09:36:54","slug":"a-propos","status":"publish","type":"page","link":"https:\/\/prostatecancer.tempocare.ca\/fr\/a-propos\/","title":{"rendered":"\u00c0 propos"},"content":{"rendered":"","protected":false},"excerpt":{"rendered":"","protected":false},"author":2,"featured_media":0,"parent":0,"menu_order":0,"comment_status":"closed","ping_status":"closed","template":"","meta":{"_acf_changed":false,"footnotes":""},"class_list":["post-1803","page","type-page","status-publish","hentry"],"acf":[],"yoast_head":"<!-- This site is optimized with the Yoast SEO plugin v24.9 - https:\/\/yoast.com\/wordpress\/plugins\/seo\/ -->\n<title>TEMPO Prostate | Soutien \u00e0 travers les hauts et les bas du cancer de la prostate<\/title>\n<meta name=\"description\" content=\"TEMPO fourni des conseils, des strat\u00e9gies et des outils pour aider les hommes atteints de cancer de la prostate et leurs proches aidants \u00e0 g\u00e9rer les d\u00e9fis lies au cancer gr\u00e2ce \u00e0 un programme personnalis\u00e9 et interactif.\" \/>\n<meta name=\"robots\" content=\"index, follow, max-snippet:-1, max-image-preview:large, max-video-preview:-1\" \/>\n<link rel=\"canonical\" href=\"https:\/\/prostatecancer.tempocare.ca\/fr\/a-propos\/\" \/>\n<meta property=\"og:locale\" content=\"fr_FR\" \/>\n<meta property=\"og:type\" content=\"article\" \/>\n<meta property=\"og:title\" content=\"TEMPO Prostate | Soutien \u00e0 travers les hauts et les bas du cancer de la prostate\" \/>\n<meta property=\"og:description\" content=\"TEMPO fourni des conseils, des strat\u00e9gies et des outils pour aider les hommes atteints de cancer de la prostate et leurs proches aidants \u00e0 g\u00e9rer les d\u00e9fis lies au cancer gr\u00e2ce \u00e0 un programme personnalis\u00e9 et interactif.\" \/>\n<meta property=\"og:url\" content=\"https:\/\/prostatecancer.tempocare.ca\/fr\/a-propos\/\" \/>\n<meta property=\"og:site_name\" content=\"TEMPO\" \/>\n<meta property=\"article:modified_time\" content=\"2025-04-29T09:36:54+00:00\" \/>\n<meta property=\"og:image\" content=\"https:\/\/prostatecancer.tempocare.ca\/wp-content\/uploads\/2025\/04\/tempo-social-share-image.jpg\" \/>\n\t<meta property=\"og:image:width\" content=\"1280\" \/>\n\t<meta property=\"og:image:height\" content=\"720\" \/>\n\t<meta property=\"og:image:type\" content=\"image\/jpeg\" \/>\n<meta name=\"twitter:card\" content=\"summary_large_image\" \/>\n<meta name=\"twitter:title\" content=\"TEMPO Prostate | Soutien \u00e0 travers les hauts et les bas du cancer de la prostate\" \/>\n<meta name=\"twitter:description\" content=\"TEMPO fourni des conseils, des strat\u00e9gies et des outils pour aider les hommes atteints de cancer de la prostate et leurs proches aidants \u00e0 g\u00e9rer les d\u00e9fis lies au cancer gr\u00e2ce \u00e0 un programme personnalis\u00e9 et interactif.\" \/>\n<script type=\"application\/ld+json\" class=\"yoast-schema-graph\">{\"@context\":\"https:\/\/schema.org\",\"@graph\":[{\"@type\":\"WebPage\",\"@id\":\"https:\/\/prostatecancer.tempocare.ca\/fr\/a-propos\/\",\"url\":\"https:\/\/prostatecancer.tempocare.ca\/fr\/a-propos\/\",\"name\":\"TEMPO Prostate | Soutien \u00e0 travers les hauts et les bas du cancer de la prostate\",\"isPartOf\":{\"@id\":\"https:\/\/prostatecancer.tempocare.ca\/fr\/#website\"},\"datePublished\":\"2024-07-18T06:30:01+00:00\",\"dateModified\":\"2025-04-29T09:36:54+00:00\",\"description\":\"TEMPO fourni des conseils, des strat\u00e9gies et des outils pour aider les hommes atteints de cancer de la prostate et leurs proches aidants \u00e0 g\u00e9rer les d\u00e9fis lies au cancer gr\u00e2ce \u00e0 un programme personnalis\u00e9 et interactif.\",\"breadcrumb\":{\"@id\":\"https:\/\/prostatecancer.tempocare.ca\/fr\/a-propos\/#breadcrumb\"},\"inLanguage\":\"fr-FR\",\"potentialAction\":[{\"@type\":\"ReadAction\",\"target\":[\"https:\/\/prostatecancer.tempocare.ca\/fr\/a-propos\/\"]}]},{\"@type\":\"BreadcrumbList\",\"@id\":\"https:\/\/prostatecancer.tempocare.ca\/fr\/a-propos\/#breadcrumb\",\"itemListElement\":[{\"@type\":\"ListItem\",\"position\":1,\"name\":\"Home\",\"item\":\"https:\/\/prostatecancer.tempocare.ca\/fr\/\"},{\"@type\":\"ListItem\",\"position\":2,\"name\":\"\u00c0 propos\"}]},{\"@type\":\"WebSite\",\"@id\":\"https:\/\/prostatecancer.tempocare.ca\/fr\/#website\",\"url\":\"https:\/\/prostatecancer.tempocare.ca\/fr\/\",\"name\":\"TEMPO\",\"description\":\"this needs to be update\",\"potentialAction\":[{\"@type\":\"SearchAction\",\"target\":{\"@type\":\"EntryPoint\",\"urlTemplate\":\"https:\/\/prostatecancer.tempocare.ca\/fr\/?s={search_term_string}\"},\"query-input\":{\"@type\":\"PropertyValueSpecification\",\"valueRequired\":true,\"valueName\":\"search_term_string\"}}],\"inLanguage\":\"fr-FR\"}]}<\/script>\n<!-- \/ Yoast SEO plugin. -->","yoast_head_json":{"title":"TEMPO Prostate | Soutien \u00e0 travers les hauts et les bas du cancer de la prostate","description":"TEMPO fourni des conseils, des strat\u00e9gies et des outils pour aider les hommes atteints de cancer de la prostate et leurs proches aidants \u00e0 g\u00e9rer les d\u00e9fis lies au cancer gr\u00e2ce \u00e0 un programme personnalis\u00e9 et interactif.","robots":{"index":"index","follow":"follow","max-snippet":"max-snippet:-1","max-image-preview":"max-image-preview:large","max-video-preview":"max-video-preview:-1"},"canonical":"https:\/\/prostatecancer.tempocare.ca\/fr\/a-propos\/","og_locale":"fr_FR","og_type":"article","og_title":"TEMPO Prostate | Soutien \u00e0 travers les hauts et les bas du cancer de la prostate","og_description":"TEMPO fourni des conseils, des strat\u00e9gies et des outils pour aider les hommes atteints de cancer de la prostate et leurs proches aidants \u00e0 g\u00e9rer les d\u00e9fis lies au cancer gr\u00e2ce \u00e0 un programme personnalis\u00e9 et interactif.","og_url":"https:\/\/prostatecancer.tempocare.ca\/fr\/a-propos\/","og_site_name":"TEMPO","article_modified_time":"2025-04-29T09:36:54+00:00","og_image":[{"width":1280,"height":720,"url":"https:\/\/prostatecancer.tempocare.ca\/wp-content\/uploads\/2025\/04\/tempo-social-share-image.jpg","type":"image\/jpeg"}],"twitter_card":"summary_large_image","twitter_title":"TEMPO Prostate | Soutien \u00e0 travers les hauts et les bas du cancer de la prostate","twitter_description":"TEMPO fourni des conseils, des strat\u00e9gies et des outils pour aider les hommes atteints de cancer de la prostate et leurs proches aidants \u00e0 g\u00e9rer les d\u00e9fis lies au cancer gr\u00e2ce \u00e0 un programme personnalis\u00e9 et interactif.","schema":{"@context":"https:\/\/schema.org","@graph":[{"@type":"WebPage","@id":"https:\/\/prostatecancer.tempocare.ca\/fr\/a-propos\/","url":"https:\/\/prostatecancer.tempocare.ca\/fr\/a-propos\/","name":"TEMPO Prostate | Soutien \u00e0 travers les hauts et les bas du cancer de la prostate","isPartOf":{"@id":"https:\/\/prostatecancer.tempocare.ca\/fr\/#website"},"datePublished":"2024-07-18T06:30:01+00:00","dateModified":"2025-04-29T09:36:54+00:00","description":"TEMPO fourni des conseils, des strat\u00e9gies et des outils pour aider les hommes atteints de cancer de la prostate et leurs proches aidants \u00e0 g\u00e9rer les d\u00e9fis lies au cancer gr\u00e2ce \u00e0 un programme personnalis\u00e9 et interactif.","breadcrumb":{"@id":"https:\/\/prostatecancer.tempocare.ca\/fr\/a-propos\/#breadcrumb"},"inLanguage":"fr-FR","potentialAction":[{"@type":"ReadAction","target":["https:\/\/prostatecancer.tempocare.ca\/fr\/a-propos\/"]}]},{"@type":"BreadcrumbList","@id":"https:\/\/prostatecancer.tempocare.ca\/fr\/a-propos\/#breadcrumb","itemListElement":[{"@type":"ListItem","position":1,"name":"Home","item":"https:\/\/prostatecancer.tempocare.ca\/fr\/"},{"@type":"ListItem","position":2,"name":"\u00c0 propos"}]},{"@type":"WebSite","@id":"https:\/\/prostatecancer.tempocare.ca\/fr\/#website","url":"https:\/\/prostatecancer.tempocare.ca\/fr\/","name":"TEMPO","description":"this needs to be update","potentialAction":[{"@type":"SearchAction","target":{"@type":"EntryPoint","urlTemplate":"https:\/\/prostatecancer.tempocare.ca\/fr\/?s={search_term_string}"},"query-input":{"@type":"PropertyValueSpecification","valueRequired":true,"valueName":"search_term_string"}}],"inLanguage":"fr-FR"}]}},"_links":{"self":[{"href":"https:\/\/prostatecancer.tempocare.ca\/fr\/wp-json\/wp\/v2\/pages\/1803","targetHints":{"allow":["GET"]}}],"collection":[{"href":"https:\/\/prostatecancer.tempocare.ca\/fr\/wp-json\/wp\/v2\/pages"}],"about":[{"href":"https:\/\/prostatecancer.tempocare.ca\/fr\/wp-json\/wp\/v2\/types\/page"}],"author":[{"embeddable":true,"href":"https:\/\/prostatecancer.tempocare.ca\/fr\/wp-json\/wp\/v2\/users\/2"}],"replies":[{"embeddable":true,"href":"https:\/\/prostatecancer.tempocare.ca\/fr\/wp-json\/wp\/v2\/comments?post=1803"}],"version-history":[{"count":0,"href":"https:\/\/prostatecancer.tempocare.ca\/fr\/wp-json\/wp\/v2\/pages\/1803\/revisions"}],"wp:attachment":[{"href":"https:\/\/prostatecancer.tempocare.ca\/fr\/wp-json\/wp\/v2\/media?parent=1803"}],"curies":[{"name":"wp","href":"https:\/\/api.w.org\/{rel}","templated":true}]}}

À propos

<!-- This site is optimized with the Yoast SEO plugin v24.9 - https://yoast.com/wordpress/plugins/seo/ -->
<title>TEMPO Prostate | Soutien à travers les hauts et les bas du cancer de la prostate</title>
<meta name="description" content="TEMPO fourni des conseils, des stratégies et des outils pour aider les hommes atteints de cancer de la prostate et leurs proches aidants à gérer les défis lies au cancer grâce à un programme personnalisé et interactif." />
<meta name="robots" content="index, follow, max-snippet:-1, max-image-preview:large, max-video-preview:-1" />
<link rel="canonical" href="https://prostatecancer.tempocare.ca/fr/a-propos/" />
<meta property="og:locale" content="fr_FR" />
<meta property="og:type" content="article" />
<meta property="og:title" content="TEMPO Prostate | Soutien à travers les hauts et les bas du cancer de la prostate" />
<meta property="og:description" content="TEMPO fourni des conseils, des stratégies et des outils pour aider les hommes atteints de cancer de la prostate et leurs proches aidants à gérer les défis lies au cancer grâce à un programme personnalisé et interactif." />
<meta property="og:url" content="https://prostatecancer.tempocare.ca/fr/a-propos/" />
<meta property="og:site_name" content="TEMPO" />
<meta property="article:modified_time" content="2025-04-29T09:36:54+00:00" />
<meta property="og:image" content="https://prostatecancer.tempocare.ca/wp-content/uploads/2025/04/tempo-social-share-image.jpg" />
	<meta property="og:image:width" content="1280" />
	<meta property="og:image:height" content="720" />
	<meta property="og:image:type" content="image/jpeg" />
<meta name="twitter:card" content="summary_large_image" />
<meta name="twitter:title" content="TEMPO Prostate | Soutien à travers les hauts et les bas du cancer de la prostate" />
<meta name="twitter:description" content="TEMPO fourni des conseils, des stratégies et des outils pour aider les hommes atteints de cancer de la prostate et leurs proches aidants à gérer les défis lies au cancer grâce à un programme personnalisé et interactif." />
<script type="application/ld+json" class="yoast-schema-graph">{"@context":"https://schema.org","@graph":[{"@type":"WebPage","@id":"https://prostatecancer.tempocare.ca/fr/a-propos/","url":"https://prostatecancer.tempocare.ca/fr/a-propos/","name":"TEMPO Prostate | Soutien à travers les hauts et les bas du cancer de la prostate","isPartOf":{"@id":"https://prostatecancer.tempocare.ca/fr/#website"},"datePublished":"2024-07-18T06:30:01+00:00","dateModified":"2025-04-29T09:36:54+00:00","description":"TEMPO fourni des conseils, des stratégies et des outils pour aider les hommes atteints de cancer de la prostate et leurs proches aidants à gérer les défis lies au cancer grâce à un programme personnalisé et interactif.","breadcrumb":{"@id":"https://prostatecancer.tempocare.ca/fr/a-propos/#breadcrumb"},"inLanguage":"fr-FR","potentialAction":[{"@type":"ReadAction","target":["https://prostatecancer.tempocare.ca/fr/a-propos/"]}]},{"@type":"BreadcrumbList","@id":"https://prostatecancer.tempocare.ca/fr/a-propos/#breadcrumb","itemListElement":[{"@type":"ListItem","position":1,"name":"Home","item":"https://prostatecancer.tempocare.ca/fr/"},{"@type":"ListItem","position":2,"name":"À propos"}]},{"@type":"WebSite","@id":"https://prostatecancer.tempocare.ca/fr/#website","url":"https://prostatecancer.tempocare.ca/fr/","name":"TEMPO","description":"this needs to be update","potentialAction":[{"@type":"SearchAction","target":{"@type":"EntryPoint","urlTemplate":"https://prostatecancer.tempocare.ca/fr/?s={search_term_string}"},"query-input":{"@type":"PropertyValueSpecification","valueRequired":true,"valueName":"search_term_string"}}],"inLanguage":"fr-FR"}]}</script>
<!-- / Yoast SEO plugin. -->

TEMPO Prostate | Soutien à travers les hauts et les bas du cancer de la prostate

TEMPO fourni des conseils, des stratégies et des outils pour aider les hommes atteints de cancer de la prostate et leurs proches aidants à gérer les défis lies au cancer grâce à un programme personnalisé et interactif.
